e number?
False
Suppose -23 = -3*f - 2*z + 18, 5*z = 2*f - 21. Let o(s) = 195*s - 32. Is o(f) a composite number?
False
Suppose 3*m + 2*m + 23330 = 0. Let p = -3107 - m. Let q = p + -348. Is q a composite number?
True
Suppose b = o + 2*b - 15, b = 5*o - 45. Let s(p) = 13*p**2 + 10*p - 1. Is s(o) composite?
False
Let u(r) = 27*r**2 + 20*r + 146. Is u(21) composite?
False
Let b = -1 - -4. Suppose -2*r - 20 = 2*r, 2*l + 4*r - 132 = 0. Let w = l + b. Is w composite?
False
Suppose 41*j = 51*j - 138110. Is j prime?
False
Let j(x) = -x + 5. Let d be j(5). Suppose -384 = -d*a + 3*a. Let q = -25 - a. Is q a prime number?
True
Is 21462 - 15*8/(-24) a prime number?
True
Suppose -z + f + 2 = -3, 14 = 4*z + 2*f. Suppose -1072 = -g + t + z*t, -4*g + t = -4383. Is g a composite number?
False
Let q(k) = 5004*k**2 - 5*k - 9. Let z(y) = 2502*y**2 - 2*y - 4. Let u(n) = -3*q(n) + 7*z(n). Let t be u(1). Let l = 3563 - t. Is l composite?
False
Let a = 28 + -26. Let s = 1 + 2. Suppose s*w - a*w - 355 = 0. Is w composite?
True
Suppose -2*j - 8 = 0, 22 = -g + 5*j + 498. Let r = 715 - g. Is r a composite number?
True
Let h(d) = -d**3 + 6*d**2 + 2*d - 8. Let y be h(6). Is (-403 + (-12)/y)/(-2) composite?
True
Let q = 26 + -37. Let s be ((-2)/(-2))/(10 + q). Is s*1/1*-83 prime?
True
Let g be (21/6)/(7/14). Suppose -6*r = -g*r - 66. Is r/9*(-9)/6 a prime number?
True
Let r = 17285 - 6858. Is r composite?
False
Let l be (6/(-4))/((-12)/56). Let o(g) = -g**3 + 6*g**2 + 8*g - 9. Let v be o(l). Let k(j) = -14*j**3 + j**2 - 2*j - 1. Is k(v) a prime number?
False
Suppose a + 52899 = 5*w + 15391, 4*w - 29992 = -4*a. Is w prime?
False
Suppose 2*x = d - 17, -4*x + 8 = 3*d - 3. Suppose 0 = -6*s + d*s. Suppose 3*z - 288 = n, s = -5*z + z - 5*n + 403. Is z composite?
False
Let n be -5*(3 + (-18)/5). Suppose -254 = -n*d - 755. Let y = -18 - d. Is y a prime number?
True
Let v(k) be the third derivative of 265*k**4/24 + 4*k**3 - 20*k**2. Is v(11) composite?
False
Let d(s) = 1237*s**3 - 4*s + 3. Let x be d(1). Let r = x + -187. Is r a prime number?
True
Suppose -2*l - 1532 = 3*z - 10577, 2*z + 3*l - 6025 = 0. Is z a composite number?
True
Let z be 12/18 + 28/3. Let k(w) = -2*w**3 - 17 - 27*w + 9*w - z*w**2 - 3*w**2 + w**3. Is k(-13) composite?
True
Let t be 3/6 - (-5)/2. Let w be 3 + -7 + 4 + 2. Suppose -t*i = -275 + w. Is i prime?
False
Let o(i) = 13*i**3 + 18*i**2 + i + 1. Is o(8) composite?
False
Suppose 0 = 2*m - 6*m. Suppose 7*t - 2*t - 25 = m. Suppose t*p + 1078 = 4*w, -2*w = w + 3*p - 795. Is w composite?
True
Let f = -18 + 22. Suppose 40 + 4 = f*x. Let l(c) = -c**3 + 14*c**2 + 12*c - 10. Is l(x) a composite number?
True
Let i be 1 - -1 - (-28797 + -9) - -3. Suppose 86701 = 14*n + i. Is n a composite number?
True
Let j be (18/(-99) - 28/(-33))*990. Let i = j - 353. Is i a prime number?
True
Let f(z) = -4*z**3 - 3*z**2 - 6*z - 10. Let t = -47 + 42. Is f(t) prime?
False
Let r(m) = -18*m - 53. Is r(-20) a prime number?
True
Let a = -12328 - -18699. Is a prime?
False
Let d(z) = -z**3 - 6*z**2 + 2*z - 14. Is d(-9) composite?
False
Suppose -5*v + 8257 = -738. Suppose v = 6*t + t. Is t a composite number?
False
Let v(h) = -2*h - 4. Let l be v(-4). Let y(z) = -z**2. Let u(i) = -3*i + 5. Let j(x) = -u(x) - y(x). Is j(l) composite?
False
Suppose 157*m = 112*m + 1046835. Is m a prime number?
False
Let x be ((-2)/(-6))/((-26)/(-6) - 4). Is (31/2)/(x/2) a composite number?
False
Suppose -q + 219 = -87. Is q/1 + (14 - 13) prime?
True
Let a be (-27)/(3*(-4)/12). Let b be a/18*136/6. Suppose 4*f = 0, -4*s - f = -3*s - b. Is s composite?
True
Let k be 0 + 1 - (8 + -610). Is 0 + 2/(-9) - (-176813)/k composite?
False
Suppose 4*v = 7 + 9. Suppose 0 = -2*r + 2*u + 2, -v*u + 12 = 0. Is 6/r + (-2975)/(-10) composite?
True
Suppose 2424 + 2718 = 2*m. Let c = m + -1804. Is c a prime number?
False
Suppose -30 = c - 6*c. Let w be 4*1 - c/(-6). Suppose -3*o = -w*o + 66. Is o a composite number?
True
Suppose -87*c + 58*c = 0. Let o be 2/2 + 1/(-1). Suppose s + c*s - 371 = o. Is s a composite number?
True
Let z(h) = 18*h + 103*h - 27*h + 27. Is z(8) prime?
False
Suppose 0 = 4*l - 1863 + 175. Suppose -3*j + 0*j + 2493 = 0. Let y = j - l. Is y a prime number?
True
Let s be (10/(-2))/((-17)/17). Suppose 5*c + 2*a = 16 - s, -c + 5*a = -13. Suppose -5*r + 63 = c*t - 7*t, 5*t + 21 = r. Is r a prime number?
True
Is (-132501)/(-58) - 10/(-4) a prime number?
True
Suppose 4*m + 0*m = 6*m. Is 477 + (-4 - -6) + m a composite number?
False
Let w(a) = -a**3 - 32*a**2 + 56*a + 107. Is w(-50) a composite number?
False
Let c(w) = 593*w + 46. Let o(r) = -889*r - 69. Let k(y) = -7*c(y) - 5*o(y). Is k(10) a composite number?
False
Let k(l) be the third derivative of -l**6/10 - l**5/20 + 5*l**4/24 + 5*l**3/6 - 3*l**2. Let f be k(-4). Suppose b + f = 4*b. Is b a composite number?
True
Let z(n) = 1 - 3*n + 20*n**2 + 10*n - 17*n + 10. Is z(-7) a prime number?
True
Suppose 52*v = 50*v + 45742. Is v a composite number?
False
Suppose 2*y - 29 = 3*d + 2*d, -2*d - 10 = 0. Is 150/y + (-3 - -7) a composite number?
False
Suppose 3*y = -3 - 3. Let a(u) = 38*u**2 - u - 1. Let i be a(y). Suppose 5*n + 4*q = 273, 5*n - i = 5*q + 102. Is n prime?
True
Let t(n) = 18*n**2 + 9*n - 170. Is t(9) composite?
True
Let g(b) = -b + 12. Let r be g(11). Let y be 33*r/6*2. Let x = 4 + y. Is x composite?
True
Suppose p - 3*p + 21 = -5*x, 0 = -3*x - p - 17. Let i = -6 - x. Is (113/i)/(-2 + 1) prime?
True
Let c(y) = 17*y**2 + 5*y - 37. Is c(-15) a composite number?
True
Let y = 247 - -84. Is y a composite number?
False
Is (-5 - (-7 - 0 - 2)) + 37303 prime?
True
Let f(k) be the third derivative of k**6/120 + 7*k**5/30 + k**4/3 - k**3/6 + k**2. Let p = 23 + -33. Is f(p) composite?
True
Let d(s) = -307*s**3 - 3*s**2 - 12*s - 9. Is d(-2) a prime number?
True
Let b = 3750 + -1612. Is b composite?
True
Let p(i) = i**2 - 6*i - 4. Let y be p(7). Suppose 4105 = y*z - 8*z. Is (z - 0)*(-2 + 1) composite?
False
Let i = -8 - -7. Let n(l) = l**3 + l**2 - l. Let f(x) = -5*x**3 - 15*x**2 + 8*x - 5. Let r(z) = i*f(z) - 6*n(z). Is r(7) a composite number?
False
Is 3/4 - 382725/(-20) prime?
False
Let b(o) = 318*o - 42. Let q be b(4). Let c = q - 433. Is c a composite number?
False
Let z = 21362 + -14661. Is z a prime number?
True
Suppose -4*f + y - 2*y + 33 = 0, 3*f + 3*y - 36 = 0. Suppose -f*d = -9*d. Suppose -4*m + 214 + 118 = d. Is m a prime number?
True
Suppose -y - 6 + 5 = 0. Let u be (y/(-2))/(10/(-220)). Let w = 18 + u. Is w a prime number?
True
Let n(r) = -r**2 + 2*r + 26. Let j be n(18). Let t = 669 + j. Is t a composite number?
True
Suppose 2*s = -5*v + 691 + 4583, 7861 = 3*s - 5*v. Is s composite?
True
Suppose 2*x + 0 - 2 = 0, -l + 3*x = -18314. Is l composite?
True
Let q be (-34)/(-51) - 2/3. Suppose q = 4*f + 2*j - 1186, f = j + 2*j + 314. Is f a composite number?
True
Let l be (-12)/(-2) + 3 + -6. Is (815/15)/(1/l) prime?
True
Let s(r) = -813*r + 2. Let z(i) = 2*i + 3. Let v be z(0). Suppose -9 = -3*k - 3*j, 5*j - 25 = v*k + 2*k. Is s(k) composite?
True
Suppose -6*w = -8*w + 5302. Suppose -w = -6*t + 2755. Is t composite?
True
Suppose 0 = 5*l + 2*w - 96187, 5*l - 2*l - 4*w = 57707. Is l composite?
False
Let y(s) = 26*s + 28. Let z be y(11). Let u = z - 157. Is u a prime number?
True
Let v(b) = b**3 + 9*b**2 + 6*b - 5. Suppose -12 = 3*n - 2*f, -2*f + 0*f = 5*n + 36. Is v(n) a prime number?
True
Let b(o) = 4*o**2 - 11*o - 32. Is b(15) a prime number?
False
Let v(g) = 11*g + 10. Let a(n) = n**2 + 11*n - 10. Let c be a(-12). Suppose 0 = -c*r - 0*r + 22. Is v(r) prime?
True
Let r = 9505 - 4922. Is r a composite number?
False
Suppose -2*g + 20782 = 2*m, 3*m + 2*m = 0. Is g a prime number?
True
Let c = -21 - -33. Suppose 3*n = c, -2*r = -0*n - 2*n - 894. Is r composite?
True
Let m(u) = -3*u**2 + 2*u + 5. Let t be m(6). Let h = 215 + t. Suppose i = 3*f + h, 138 = -4*i - 4*f + 682. Is i composite?
True
Suppose t = 4 - 2. Suppose 0*f = -f - t. Let x(g) = -2*g**3 + 3*g**2 + 3*g + 1. Is x(f) composite?
False
Suppose 1646 = -6*a + 9*a + 5*m, 0 = -5*a + 3*m + 2800. Is a composite?
False
Let m(b) = -5*b**3 + 5*b**2 - 3*b + 2. Let j(u) = -3*u**2 - u**3 - 4*u**2 + 7*u**2. Let n(i) = -4*j(i) + m(i). Is n(3) a composite number?
False
Suppose 3*l + 8375 = 5*i - 2370, l = 0. Is i a p